Let v = 26 + -15. What is the remainder when 3 + (-112)/(-42)*(-6)/(-1) is divided by v?
8
Let f(i) = -82*i**3 - i**2 - i - 1. What is the remainder when f(-1) is divided by 17?
13
Let j be ((-50)/3)/((-1)/3). Suppose -2*w - 3*w = j. Let c(o) = o**3 + 9*o**2 - 11*o - 4. What is the remainder when c(w) is divided by 4?
2
Suppose 10*s + 116 = 14*s. Calculate the remainder when s is divided by 16.
13
Suppose -4*d + 9*d - 60 = 0. Let r = -7 + 3. Calculate the remainder when (4 - r)*34/8 is divided by d.
10
Let r be 4/(-3)*-9 - 0. Suppose 4*h = w + w - r, 2*w = -2*h. What is the remainder when w is divided by 1?
0
Suppose -2*g + 2*s - s = -130, 2*g + 4*s - 140 = 0. What is the remainder when g is divided by 15?
6
Let k = 61 + -46. Calculate the remainder when k is divided by 9.
6
Suppose 728 = -b + 163. Let v(m) = 6*m + 1. Calculate the remainder when b/(-15) + 2/(-3) is divided by v(2).
11
Suppose -10*a = 2*a - 276. Calculate the remainder when 112 is divided by a.
20
Let o = 2 + 2. Suppose 3*n = -6*s + 3*s - 9, -2*n = -2*s + 14. Suppose 5*y - 80 = -o*r, 3*r = s*y + 2*r - 45. Calculate the remainder when y is divided by 11.
9
Let x(g) = g**3 + 16*g**2 - 4*g - 32. Calculate the remainder when x(-16) is divided by 12.
8
Let c = -10 + 16. Suppose -3*d - 5*f = -c, -2*d + 7 = 2*f - 1. Calculate the remainder when 20 is divided by d.
6
Suppose -5*o - 20 = 10. What is the remainder when 27 is divided by 4/(-12) - 62/o?
7
Let k = 13 + 14. What is the remainder when k is divided by 14?
13
Let c = 64 + -40. Let m = 45 - c. Calculate the remainder when 81 is divided by m.
18
Let v = 31 - 26. Calculate the remainder when 22 is divided by v.
2
Let d(o) = 2*o**3 - 3*o**2 - o - 7. Calculate the remainder when d(3) is divided by 10.
7
Calculate the remainder when 25 is divided by 42/9*(-12)/(-8).
4
Suppose -x - 3 = -2*x. Suppose 2*a = u + x*a - 19, u = -3*a + 11. What is the remainder when 66 is divided by u?
20
Let h(q) = q**2 + 4*q - 12. Calculate the remainder when h(7) is divided by 36.
29
Let o = 7 - 0. Suppose -p - 3*p + 80 = 0. Calculate the remainder when p is divided by o.
6
Let t(q) = -6*q. Suppose 0 = -4*p + d + 257, p + 21 = -4*d + 81. Let b = -41 + p. What is the remainder when b is divided by t(-2)?
11
Let d = -131 + 149. Calculate the remainder when 71 is divided by d.
17
Let g(s) = 8*s**2 + 2*s - 4. What is the remainder when g(3) is divided by 7?
4
Let v(d) = -1 + 0*d - 16 - 3*d. What is the remainder when v(-12) is divided by 37/5 - (-4)/(-10)?
5
Let w = 165 - 113. Calculate the remainder when w is divided by 18.
16
Let c(n) = -n**2 + 28*n + 29. Calculate the remainder when c(23) is divided by 49.
46
Suppose -n - 4*n = -20. Suppose 0 = -q - 2 + n. Suppose 4*a + 2*p = -34 + 170, -5*a + 171 = q*p. What is the remainder when a is divided by 18?
17
Let k be (-1 + 1)/(19 - 17). Let u = 22 - k. What is the remainder when 64 is divided by u?
20
Suppose -2*y - 5 = -3*b, -1 - 1 = y - b. Let i = y + 8. What is the remainder when (-20)/(-2)*(-2 - -4) is divided by i?
6
Let t(v) = 13*v**2 + 3*v + 4. What is the remainder when 197 is divided by t(-2)?
47
Let v = -53 + 87. Calculate the remainder when 101 is divided by v.
33
Calculate the remainder when 2/6 - (-14)/3 is divided by 4.
1
Suppose q - 5*q = -p - 25, 2*q = 4*p + 30. Let t(k) = -k**2 + 7*k - 7. Calculate the remainder when 4 is divided by t(q).
1
Let i(k) = k**3 + 3*k**2 + 2*k + 2. Let c be i(-2). Let x = 4 - c. Let n(o) = o + 10. What is the remainder when n(-8) is divided by x?
0
Let y(o) = o**3 - 6*o**2 - 7*o - 3. Let g be y(6). Let h = g - -76. Suppose 0*v - v + h = 0. Calculate the remainder when v is divided by 11.
9
Let p = 24 - 39. Let z = -10 - p. What is the remainder when 12 is divided by z?
2
Suppose -2*o - 2*o + 46 = 2*b, -5*o + 65 = 4*b. Let j = o + -4. Suppose -4*k + 1 = p - 14, -j*k - 3*p = -10. Calculate the remainder when k is divided by 3.
2
Let g(z) = z + 22. Let j(t) = t + 2 + 2*t**3 - 2 - 3*t**2 - 1. Calculate the remainder when g(-9) is divided by j(2).
3
Suppose 0 = 3*a - 68 + 20. Suppose 3*y = 14 + a. What is the remainder when 29 is divided by y?
9
What is the remainder when 2/(-6) + (-336)/(-9) is divided by 18 + 1 + -2 + 2?
18
Let j = 65 - -204. Calculate the remainder when j is divided by 45.
44
Let s(p) = p**2 + 5*p - 13. Calculate the remainder when s(6) is divided by 14.
11
Suppose -5*q + 15 = -0*q + 5*d, 0 = -q - 2*d + 2. Calculate the remainder when 27 - (3 + q/(-2)) is divided by 14.
12
Suppose 11 = 3*v - 52. Suppose -4*w = -13 + 1. Suppose 28 = w*a - 5*l, -3*a + 40 = 2*a - 5*l. Calculate the remainder when v is divided by a.
3
Let z = -9 - -11. Suppose 73 + 43 = z*w - 5*y, 2*w - 116 = -3*y. Calculate the remainder when w is divided by 15.
13
Suppose -4*b + 2 = 2*y + b, -4*y + 3*b = 48. Let m = y - -31. Calculate the remainder when m is divided by 8.
6
Let i = 17 - -17. Calculate the remainder when i is divided by 6.
4
Let w(a) = 7 + 3*a - 4*a - a. What is the remainder when 35 is divided by w(-6)?
16
Suppose -3*c + 4*s = -77, c - 2*s + 7*s - 13 = 0. Suppose -16 = f - 5*f. Suppose f*m = -49 + 321. What is the remainder when m is divided by c?
22
Let j = -11 - -33. What is the remainder when 82 is divided by j?
16
Let x = 22 + -3. Suppose -r - 3 = -x. What is the remainder when 31 is divided by r?
15
Let z(m) = m**2 + 6*m - 11. Suppose 2*j + 18 = -0*j. Calculate the remainder when 30 is divided by z(j).
14
Let x(w) = -w - 3. Let f be x(-5). Suppose -4*b - b + f*i = -176, -5*b + 178 = -i. Calculate the remainder when b is divided by 280/15 - (-4)/12.
17
Suppose -5*z + 165 - 15 = 0. Suppose -16*a = -9*a - 112. What is the remainder when z is divided by a?
14
Suppose -5*l + 0*l + 15 = 0. Suppose -l*h + 10 = -29. What is the remainder when ((-12)/8)/(12/(-304)) is divided by h?
12
Let t(w) = w**3 - 2*w**2 - 2*w - 2. Let p be t(4). Suppose 3*x + 13 = 5*j - 26, -2*j - 26 = 2*x. Let z = x + p. What is the remainder when z is divided by 6?
3
Let d(r) = -5*r. Suppose 4*j - 6 + 22 = 0. Calculate the remainder when 59 is divided by d(j).
19
Let r = -2 - 19. Let m = r - -35. Let y = -11 + 16. What is the remainder when m is divided by y?
4
Suppose u - 16 - 10 = p, 3*p = -3*u - 90. What is the remainder when 32 is divided by 2/(-7) + (-316)/p?
10
Let w = 49 - 33. Suppose -a - a = -42. Calculate the remainder when w is divided by -1 - (-7)/(a/30).
7
Let p(c) be the first derivative of -c**4/4 - 5*c**3/3 - 3*c**2 + 8*c + 4. What is the remainder when p(-6) is divided by 27?
26
Suppose -4*j + 18 = -2. Suppose -3*z = 3*u, j*z - 5*u - 20 = -0*u. Calculate the remainder when z is divided by 1.
0
Suppose -24 = -s + 3*v + 4, 0 = 3*s - 3*v - 84. What is the remainder when s is divided by 15?
13
Let q(d) = 7*d**2 - 1. Suppose -2*o = 3*b - 3, 4*b = 2*b - 3*o + 2. Calculate the remainder when 4/(-18) + (620/36 - 0) is divided by q(b).
5
Let t = 0 - -3. Suppose t*n - 6 = 27. Let v(o) = -o**2 + 12*o + 9. Calculate the remainder when v(11) is divided by n.
9
Suppose 0 = 11*p - 103 - 183. Calculate the remainder when p is divided by 7.
5
Suppose 5*o - 83 = 77. Let k = -20 + o. Let r = 23 - k. What is the remainder when r is divided by 4?
3
Suppose -d - 2 + 53 = 0. What is the remainder when 151 is divided by d?
49
Let s(c) = -c**3 - 2*c**2 + 3*c + 6. Suppose -y + 124 = y. Suppose 5*q - y = -4*z, 5*q - 5*z = -4*z + 72. What is the remainder when s(-4) is divided by q?
12
Suppose h - 3*n + 7*n = 24, -3*n - 39 = -4*h. Calculate the remainder when 43 is divided by h.
7
Let s = -7 - -19. Calculate the remainder when ((-27)/(-4))/(s/32) is divided by 10.
8
Let a(r) = 3*r. Let i be a(2). Let p(o) = o**3 - 7*o**2 + 8*o + 1. Suppose 15 = -u + 52. What is the remainder when u is divided by p(i)?
11
Suppose -3*g - 2*g - 70 = 0. Calculate the remainder when -3 - (g - (0 + -3)) is divided by 5.
3
Let k(m) = m**3 - 21*m**2 - m + 31. Calculate the remainder when 29 is divided by k(21).
9
Suppose -3*t + 28 = 7. What is the remainder when t is divided by 4?
3
Suppose -63 = -h + 5*b - 2*b, -b + 159 = 3*h. Suppose h = 3*c + 15. What is the remainder when c is divided by 7?
6
Let u be (-8)/28 - (-58)/7. Suppose -5 = -2*t - 1, w = 3*t - u. Calculate the remainder when 27 is divided by ((-14)/6)/(w/12).
13
Let